61 is divided by h?
17
Let p(u) = u**2 - 3*u + 4. Suppose 0 = 16*d - 1193 + 265. Calculate the remainder when p(-9) is divided by d.
54
Let q be (-6 + 22)*(-1)/(-2). Suppose -4*t - q = -4*a - 2*t, -4*t = -16. Suppose 7*k - a*k - 42 = 0. Calculate the remainder when k is divided by 8.
6
Suppose -984 = -21*s + 633. What is the remainder when s is divided by 1 + (20 - 1) - (17 + -15)?
5
Suppose -145*f = 19248 - 138873. What is the remainder when f is divided by 115?
20
Suppose 0 = 2*g + 16, 60*g = -2*m + 63*g + 292. Calculate the remainder when 533 is divided by m.
131
Let x(l) = 4*l - 7. Let v be x(-8). Let k be 4 + -7 - -4 - v. What is the remainder when 10 is divided by k/50 - 26/(-5)?
4
Let h(g) = -g**2 - 9*g - 3. Let u = -253141 - -253230. Calculate the remainder when u is divided by h(-6).
14
Let u(h) = 26*h + 3. Let n be u(-9). Let w = -176 - n. Calculate the remainder when w is divided by 15.
10
Let v(o) = 23*o**2 - 168*o + 506. Calculate the remainder when v(3) is divided by 42.
41
Let d = 153 - -159. Suppose 3*w + w - 4*l - d = 0, -2*l = -w + 73. Calculate the remainder when w is divided by 29.
25
Let t(x) = -3*x**3 - 5*x**2 + 11*x + 66. Let v be t(-4). Let a = v - -5. What is the remainder when a is divided by 28?
27
Calculate the remainder when -1*(-13 + 7) + 88 is divided by 27.
13
Suppose 23 = 4*w + 11. Suppose -u + 26 = q, -4*u + w*u - 3*q = -26. Calculate the remainder when 230 is divided by u.
22
Suppose -5*v + 0*s + 3*s = -89, 2*s + 6 = 0. What is the remainder when 29741 is divided by v?
13
Let s = -360 + 362. Suppose i = 2*q + q, -5*q + s = -i. What is the remainder when i is divided by 3?
0
Suppose -1876 - 580 = -8*t. Let q = -244 + t. Suppose 0 = 4*u - 5*y - 63, -2*y + 4*y = 2. Calculate the remainder when q is divided by u.
12
Suppose -4*r - 4*x + 2412 = 0, 0 = -32*r + 35*r + x - 1801. Calculate the remainder when r is divided by 5.
4
Calculate the remainder when (-394 - 10)/((-28)/273) is divided by 37.
17
Let s = 140 - 89. Let h be (-16)/(-10)*(-3 + 33/6). Suppose 0 = c - 10 + h. What is the remainder when s is divided by c?
3
Let i = 85 - 85. Suppose 2862 = 5*q + 4*j - i*j, 5*q - 2*j = 2844. Suppose -7*a + 17*a = q. What is the remainder when a is divided by 21?
15
Suppose 6*t = 3*t - 2*w + 58, -2*t + 32 = 3*w. What is the remainder when t is divided by ((-24)/30)/(29/(-145))?
2
Let s(a) = 4*a**2 - a - 4. Let m(y) = -2*y**2 - 22*y - 35. Let x be m(-9). Calculate the remainder when s(-3) is divided by x + (-6 + 5 - -13).
9
Calculate the remainder when 585 is divided by 9/(54/24) - (-1890)/10.
6
Let u(t) = -2*t**3 + 5*t**2 + 4*t + 24. Let o be u(-4). What is the remainder when 89 is divided by (-1)/(-4) + o/32?
5
What is the remainder when (4 + 56)/(-15) - (2 - 1 - 246) is divided by 82?
77
Let i(z) = -282*z + 3486. What is the remainder when i(12) is divided by 87?
15
Let t(v) = -33*v + 500. Let x(m) = -21*m + 1. Calculate the remainder when x(-2) is divided by t(15).
3
Suppose -2*x + 3*x - 24154 = -12*x. Calculate the remainder when x is divided by 155.
153
Suppose -2*y - 284 = -4*f - 4*y, 2*f = -3*y + 154. Calculate the remainder when 259 is divided by f.
55
Let p = -4868 - -5055. Suppose 90 = 5*c - 30. Calculate the remainder when p is divided by c.
19
Suppose 1050 + 930 = 44*l. Calculate the remainder when 1394 is divided by l.
44
Let l be 39/9 + (-3)/9. Suppose q + l*q = 55. What is the remainder when (68 - (-1 - -1 - -2)) + -2 is divided by q?
9
Let q = -43 + 58. Calculate the remainder when q is divided by -15 + 20 - 0/(-2).
0
Let j = 1159 + -710. Suppose -28*m = 2*m + 40*m - 3150. What is the remainder when j is divided by m?
44
Let l(o) = -o**2 - 338*o + 2105. Calculate the remainder when 1446 is divided by l(6).
11
Let h = 171 - 169. Suppose 9 = 2*g + y, -7*g + 21 = -h*g + y. Calculate the remainder when g is divided by 2.
0
Suppose 0 = 5*r - 4*r + 2. Let j(i) = -8*i**3 + 4*i**2 - 8*i - 9. What is the remainder when 368/12 - r/(-3) is divided by j(-1)?
8
Let o(q) = 6*q**2 + q - 82. Calculate the remainder when 1541 is divided by o(4).
11
Let q = 2616 - 2585. Calculate the remainder when 73 is divided by q.
11
Let q = 972 - 350. Let z = q - 568. What is the remainder when 211 is divided by z?
49
Let x be -3 - (-4)/1*2. Suppose -x*j + 4*u = -44, -j + 12 = 3*u + 7. Calculate the remainder when 27 is divided by j.
3
Let g = -20745 + 21858. Calculate the remainder when g is divided by 8.
1
Let j(t) = 2*t**2 + 11*t - 4. Let f be j(-6). Calculate the remainder when (f - (-5 - -23))/(-2) is divided by 6.
2
Let x(u) = u + 14. Let h = 117 - 73. Calculate the remainder when h is divided by x(9).
21
Suppose 3*w - t - 313 = 0, 268 = 4*w - 4*t - 160. Let q = 34322 + -34281. Calculate the remainder when w is divided by q.
21
Let c(r) = 2*r**3 + 57*r**2 + 23*r - 53. Let h be c(-28). Suppose -90 = -v + z, -2*z - h + 459 = 4*v. What is the remainder when v is divided by 24?
20
Let x(h) = 5*h**2 + 62*h - 6. Calculate the remainder when 252 is divided by x(-13).
21
Let l = -138 - -454. What is the remainder when l is divided by 139?
38
Suppose -54*a - 584 = -62*a. Let t = a + -51. Calculate the remainder when t is divided by 10.
2
Let o(f) = 24*f**2 + 482*f + 24. Calculate the remainder when o(-21) is divided by 68.
10
Suppose b + 2 = 3*t + t, 4*t - 44 = -2*b. What is the remainder when 37 is divided by b?
9
Let f be 6/5*15/(-6). What is the remainder when f/2 - 628/(-8) is divided by (39/26)/((-3)/(-32))?
13
Let q(o) = o**3 - 6*o**2 - 67*o + 220. Calculate the remainder when 1229 is divided by q(11).
85
Suppose 4*f + 3*l = 273 + 82, 0 = 7*l - 35. Calculate the remainder when 182 is divided by f.
12
Let f = -24275 + 24403. What is the remainder when f is divided by 36?
20
Let k = 1080 - 1072. Let o(m) = 101*m**2 + 3*m - 2. Calculate the remainder when o(1) is divided by k.
6
Suppose 6*l + 12*l - 14*l - 184 = 0. Calculate the remainder when 131 is divided by l.
39
Let w = 21972 - 18925. What is the remainder when w is divided by 61?
58
Let j(q) = 20*q**3 + 45*q**2 - 136*q + 4. What is the remainder when j(3) is divided by 47?
24
Suppose 1110 = 4*b + 5*u, 5*u = 3*u - 4. Calculate the remainder when b is divided by 72.
64
Suppose 174 = 4*f + 2*f. Let g(q) = q**3 - 4*q**2 - q + 2. Suppose 3*c + v = 24, 5*v - 35 = -3*c + 1. What is the remainder when g(c) is divided by f?
26
Suppose -5*g - g + 294 = 0. Suppose 9*f = 4*f - 15, 4*a + g = f. What is the remainder when 36 is divided by 26/a + (-2 - -12)?
4
Let d(z) = 4*z**3 - 93*z**2 + 353*z + 11. Calculate the remainder when d(4) is divided by 6.
5
Let z = -3341 - -3409. What is the remainder when 95 is divided by z?
27
Suppose 4*z - 18 = 30. Suppose 4*l - 2*t - 48 = 150, -3*l = -5*t - 138. Calculate the remainder when -24 + l - (2 + 2) is divided by z.
11
Suppose 4*u - 217 = 3*p, -3*p = -5*u + 333 - 118. Let f = p + 71. Let o(k) = 2*k**2 - 2*k - 5. Calculate the remainder when 67 is divided by o(f).
32
Suppose -216*g = 1539 - 6075. Calculate the remainder when 839 is divided by g.
20
Suppose -2*h - 2 = -10. Suppose h*w = 347 - 279. Suppose -3*p = -3*y - 7*p, 0 = 2*p + 6. Calculate the remainder when w is divided by y.
1
Let b(m) = -4*m**3 - 35*m**2 + 3*m + 21. Let g be b(-7). Let j = g - -490. What is the remainder when j is divided by 10?
7
Let b be (5 - 1)/(8/92). Calculate the remainder when (3/1)/(-3) + b is divided by (4 + 19)*(-21 - -22).
22
Let h(w) = -16*w - 10. Let d be h(11). Let c = d - -323. What is the remainder when c is divided by (-117)/(-5) + 2/(-5)?
22
Let t be 2/((-80)/(-36) - 2). Suppose 0*g - t*g = -126. What is the remainder when (-1)/(-1) + 1 - -52 is divided by g?
12
Suppose -161 = -33*m + 515 + 17. Calculate the remainder when 1112 is divided by m.
20
Suppose 5*j - 5*p + 20 = 0, 6*j - 28 = 11*j - p. Calculate the remainder when j/9*((-27)/2 - 3) is divided by 5.
1
Suppose -w + 232 = 4*r, 42*w - 3*r = 47*w - 1143. What is the remainder when 2273 is divided by w?
221
Let g = 18 + -25. Let x = 14 + g. Suppose 4*m - 3*p = -0*p + 146, 5*p = 7*m - 257. What is the remainder when m is divided by x?
6
Suppose -2064*a + 2013*a + 406 = -1838. Let y(n) = 23*n**2 - 3*n. Calculate the remainder when y(2) is divided by a.
42
Let k = 108 + -106. Suppose -3*t - k*v = -91, -9